 + 18 = r. What are the prime factors of (-2 + m)*(5 - -259)?
2, 3, 11
Let x = -4181 - -6168. What are the prime factors of x?
1987
Let p(j) = -26*j + 32*j**2 + j**3 + 30 + 24 + 9 - 48. What are the prime factors of p(-32)?
7, 11
Let m(w) = -w**3 + 83*w**2 - 112*w + 405. What are the prime factors of m(48)?
3, 11, 2293
Let t = -307 - -433. Let z be 6 + (-3 - -1) + t. Suppose -w - 5*b + z + 49 = 0, -3*w + 2*b = -452. What are the prime factors of w?
2, 7, 11
Suppose -3 = -v + 3*r - 10, -3 = v - 2*r. Suppose 0 = -9*n + v*n + i + 3427, n = 2*i + 855. List the prime factors of n.
857
Let n(t) = t**3 - 6*t - 10. Suppose -39*b + 35*b + 24 = 0. List the prime factors of n(b).
2, 5, 17
What are the prime factors of (-1)/((-7)/(2163/(-12)))*12*-44?
2, 3, 11, 103
Suppose 0*a + 36696 = 12*a. List the prime factors of (-6)/9 + 0 + a/6.
509
Suppose 3*r + 0*r - 5*q = -16, 9 = -2*r + 3*q. Let z be 4*r*(0 - (-4)/(-8)). List the prime factors of 2/z*-3*(-23)/(-1).
23
Let t(s) = 2*s**2 - 2*s - 9. Let v be (48/(-48))/((-2)/14). What are the prime factors of t(v)?
3, 5
Let b = -636 - -1067. Let q = b - -558. List the prime factors of q.
23, 43
Let i be (-10)/(-4) - (-28266)/84. Let k = i + -109. What are the prime factors of k?
2, 5, 23
Let i(k) = 2*k**3 - 32*k**2 + 33*k - 14. Let p be i(22). Suppose 5*t = -2*s + 2615, 31*t - 36*t - p = -5*s. What are the prime factors of s?
3, 5, 29
Suppose 0 = 7*z - 234 + 318. Let i(s) = s**3 + 19*s**2 + 30*s - 25. List the prime factors of i(z).
7, 89
Suppose -47*t - 8259 = -204965 - 28377. List the prime factors of t.
4789
Let j(x) = 669*x + 8351. What are the prime factors of j(39)?
2, 17, 1013
Suppose 134 = 5*f - 361. List the prime factors of f + (2/3)/(54/(-405)).
2, 47
List the prime factors of (124/20 - 6) + (-3056292)/(-90).
29, 1171
Let d(m) = 62*m + 1. Let a(s) = -793*s - 13. Let g(w) = a(w) + 13*d(w). Let b(u) = u**2 - u + 10. Let c be b(0). List the prime factors of g(c).
2, 5, 13
Suppose 2*m + 0*m + 31 = -5*s, -5*m - 15 = 0. Let j be 9*(-26 - 4)/s. Suppose -5*n + 10 = 0, n = l - n - j. What are the prime factors of l?
2, 29
Let r = -1227 - -1230. Let j be (16/(-1))/(4/(-10)). Suppose j = 8*c - r*c. What are the prime factors of c?
2
Suppose 26*j + 89515 - 266514 - 164693 = 0. What are the prime factors of j?
2, 6571
Let d = 3103 - -8187. What are the prime factors of d?
2, 5, 1129
What are the prime factors of 244/(-610) + (1169253/20 - 9/(-12))?
17, 19, 181
Let k = -119003 + 211021. List the prime factors of k.
2, 139, 331
Suppose 0 = 8*u - 2*u - 210. Let c = -30 + u. Suppose -4*g = -8, c*m = -0*m + g + 413. What are the prime factors of m?
83
Let a(k) = -9*k**2 + 6. Let r be a(-3). Let v be 405/r - (-2)/5. Let c(g) = g**2 - 10. What are the prime factors of c(v)?
3, 5
Suppose 8*q - 27 = 21, -2*q = -5*z + 1558. List the prime factors of z.
2, 157
Let x be (3 - 42/12)*0. Suppose r = -3*i + i + 214, -4*i + r + 428 = x. What are the prime factors of i?
107
Suppose -4*m + 2236 = 2*q, 3*m = -q + 2*m + 1118. Suppose 0 = 18*g - 5*g - q. What are the prime factors of g?
2, 43
Let l = -239 + -82. Let u = l - -531. What are the prime factors of u?
2, 3, 5, 7
Let y = 16 - 16. Suppose 0 = -3*n + 4*c + 449, y = -5*n - 5*c + 387 + 408. Suppose -58 - n = -3*p. What are the prime factors of p?
71
Let v be 145198/(-114)*3/(-1 + 0). Suppose -4*x + 5*c = 430 - 4281, 4*x + 5*c - v = 0. List the prime factors of x.
7, 137
What are the prime factors of ((59430/40)/(-21))/((-4)/640)?
2, 5, 283
Suppose 7*a - 5*p = 4640 + 82856, 2*a - 5*p - 24981 = 0. List the prime factors of a.
12503
List the prime factors of ((-29851)/3)/(7/(-21)) - 40/8.
2, 14923
Let j(w) = 320*w**2 + w**3 - 325*w**2 + 3 - 2*w**3 - 5*w. Let a be j(-3). Suppose a = -6*u + 375 + 909. List the prime factors of u.
2, 107
Let c(b) be the third derivative of 0 + 4*b + 1/12*b**4 - 4*b**2 - 1/30*b**5 - 139/120*b**6 + 1/2*b**3. List the prime factors of c(-1).
2, 3, 23
Suppose -8723 = -5*g - 3*n, 2*n - 7834 = -5*g + 888. Suppose 0 = q - 7*i + 3*i - 1735, -q = -i - g. List the prime factors of q.
1747
Let v(g) = -g**2 + 9*g + 7. Let l be v(9). Suppose -l*r = -r. Suppose 5*i - 215 = -3*a, r*i + 277 = 4*a - 3*i. List the prime factors of a.
2, 5, 7
Suppose 0 = f - 5*m + 11, -5*m = -5*f + 37 - 12. What are the prime factors of 25155/120 - f/(-24)?
2, 3, 5, 7
Let b(f) be the third derivative of -f**5/60 + 23*f**4/12 - 115*f**3/6 + f**2 - 5*f. List the prime factors of b(32).
3, 37
Let o be 4/6 - (-8)/(-12). Suppose 6*i - 1371 - 339 = o. List the prime factors of i.
3, 5, 19
Suppose -3*h + 2124 = -3*u, 6*u - 4*u = 5*h - 3555. Suppose -5*d = 10, 0*d + 4*d = 5*z - h. What are the prime factors of z?
3, 47
Let m(l) = 4*l**3 + 28*l**2 - 148*l + 51. List the prime factors of m(16).
5, 31, 137
Suppose -2*q + 30 = -232. Suppose -60 = -34*j + 14*j. What are the prime factors of (j + q/(-3))/(2/(-3))?
61
Let f be 9/(-6)*(-24)/18. Suppose k = -2*r + 10, 7*k = f*k. Suppose 0 = 6*i - i - r*q - 390, -5*q + 234 = 3*i. What are the prime factors of i?
2, 3, 13
Suppose 0 = 3*i + 2*i + 250. Suppose 2280 = -36*m + 51*m. Let v = m + i. What are the prime factors of v?
2, 3, 17
Let q(p) = -3*p**2 + 12*p + 5. Let b be q(4). Suppose -b*a = 1545 - 3740. List the prime factors of a.
439
Suppose -83*d + 762005 - 102238 = 0. List the prime factors of d.
7949
Suppose 2*l - 73312 = f, -2*l - 3*f + 86138 = 12794. List the prime factors of l.
2, 3, 5, 13, 47
Suppose -j = 4, 3*j - 63598 = -46*i + 41*i. What are the prime factors of i?
2, 6361
Let m(j) = 2*j**2 - 142*j - 76. What are the prime factors of m(-41)?
2, 3, 11, 23
Let a(s) = 300*s - 147. List the prime factors of a(2).
3, 151
Suppose -g - 2*p + 5 = -7*p, 3*p = 4*g - 20. Suppose -672 = g*o - 9*o. Suppose 37*d + o = 40*d. List the prime factors of d.
2, 7
Suppose 0 = -6*y + 179 - 5. Suppose y - 40 = -a. Let i(p) = -p**3 + 12*p**2 - 6*p + 8. List the prime factors of i(a).
3, 7
Let r(m) = -710*m - 2456. What are the prime factors of r(-60)?
2, 13, 193
Let n(z) = -z**2 + 66*z - 15. Let y be n(39). List the prime factors of ((-640)/48 + 11)/((-2)/y).
7, 173
Let d(h) = -3*h + 437 + 15*h - 13*h - 166. Let b = -2 - -2. List the prime factors of d(b).
271
List the prime factors of (-16)/(-28)*(-630)/12*(-1550 - 1).
2, 3, 5, 11, 47
Let j(s) = -s**3 + 13*s**2 + 15*s - 44. Let w be j(14). What are the prime factors of (408/w)/(6/(-195))?
2, 13, 17
Suppose -37*c - 68992 = -12*c - 344367. What are the prime factors of c?
5, 2203
Suppose 70*p + 488813 = 1635973. List the prime factors of p.
2, 17, 241
Suppose 0 = 5*l + 7*l - 179004. What are the prime factors of l?
7, 2131
Let p(f) = f**3 + 2*f**2 + f + 5. Let b be p(-2). Suppose 0 = 5*h - 5*r - 7450, 5*r - 6*r + 4466 = b*h. What are the prime factors of h?
1489
Suppose -9 = -3*t + 2*k + 8, 3*t + 7 = -4*k. List the prime factors of ((-20868)/(-22))/t - (-28)/(-154).
2, 79
Let g(z) = z + 127. Suppose -46*c + 41*c = 0. Let m(a) = a**3 - 2*a**2. Let u be m(c). What are the prime factors of g(u)?
127
Let q(g) = 23*g**2 - g + 6. Let r(f) = -f**2 + f - 2. Let h(t) = q(t) + 3*r(t). What are the prime factors of h(-2)?
2, 19
Let r(o) = -9*o**2 + o + 15. Let g(i) = -17*i**2 + 2*i + 31. Let h(l) = -3*g(l) + 5*r(l). List the prime factors of h(-5).
137
Suppose -435 = i + 4*l + 142, 0 = -4*i - 3*l - 2334. Let r = -327 - i. List the prime factors of r.
2, 3, 43
Suppose -2*o = -3*j + 29600, 0 = 3*j + 2*j - o - 49338. What are the prime factors of j?
2, 2467
Suppose 0 = 2*k - 0*k - 2*n - 46, 0 = 5*n + 10. Suppose k*j - 35*j + 5180 = 0. List the prime factors of j.
2, 5, 37
Suppose -5*z - 3*q + 20 = -2*q, z + 2*q = 13. Let v(w) = -86*w - 4. Let c be v(-4). Suppose -z*u = -89 - c. List the prime factors of u.
11, 13
Let n = -27789 - -62123. List the prime factors of n.
2, 17167
Suppose 5*s - 500 = s. Let x be (-36)/(-378) + 7255/(-105). Let a = x + s. List the prime factors of a.
2, 7
Suppose 2*z - i = -315, -5*i + 21 = -2*z - 274. Let c = -93 - z. List the prime factors of c.
67
Let o(x) = 7*x + 48 - 6 - 7 + 18*x**2 - x. What are the prime factors of o(-7)?
5, 7
Let n(o) = 488*o**3 + 9*o**2 - 7. What are the prime factors of n(1)?
2, 5, 7
Suppose -m - 2389 = 4*m - 3*s, 4*s - 1916 = 4*m. Let g = 283 - m. List the prime factors o